. Let m(k) = -218*k + 1528. Let b be m(7). What is the greatest common factor of i and b?
2
Let c = -856 + 890. What is the greatest common factor of 646 and c?
34
Suppose 22 = -5*x - 53. Let j(t) = -4*t + 6. Let k be j(x). Calculate the greatest common factor of 44 and k.
22
Let d(w) = -2 - 6*w**3 + 2 - 20*w + 4 + 14*w - 7*w**2. Let t be d(-4). What is the highest common divisor of 30 and t?
30
Suppose -5*m + 35 = 5*p, -3*p + m = -0*p - 5. Let o(i) = -i + 14. Let f be o(6). Let a be (2/f)/(6*5/360). Calculate the greatest common divisor of a and p.
3
Let p = 10 - -4. Let m be (-15)/(-5) + -4 + 1*p. What is the highest common factor of 39 and m?
13
Suppose -46 = -4*t + 2. Let j be (-36)/15*40/t. Let i be j - -5 - 1*-47. Calculate the greatest common factor of i and 11.
11
Suppose -5*j - j + 30 = 0. Let m = 8 + j. What is the highest common divisor of 65 and m?
13
Suppose -7*k - 68 = -11*k. Let h = k + -52. Let i = h + 65. What is the highest common factor of 12 and i?
6
Let x = -118 + 339. Suppose -9*o + x = -184. What is the greatest common divisor of o and 30?
15
Let w be 74/6 + 34/(-102). Let x be (10/8)/(-5) - (-771)/w. Suppose 2*v + 4*p = -0*v - 4, -v = 5*p + 17. Calculate the greatest common factor of x and v.
8
Let b be (-277)/(-4) - 3/12. Let n = -14 + 18. Suppose -n*r + 5 + 179 = 0. What is the highest common divisor of r and b?
23
Let t = -7 - -9. Let d(k) = t*k + 5 - 3 + 1 + k. Let r be d(6). What is the highest common factor of 3 and r?
3
Suppose 2*u = -y - 0*y + 128, 2*y = -3*u + 253. Suppose y + 298 = 4*l. Let t = 160 - l. What is the highest common divisor of 11 and t?
11
Suppose 3*d + 88 = 4. Let i = d + 34. Calculate the highest common factor of 42 and i.
6
Suppose 4*c - 6*c = 0. Suppose -3*z + 44 = k, c = -z - 2*k + 29 - 11. Calculate the greatest common divisor of z and 126.
14
Let w be 3 - 30/(0 - 3). Suppose -2*a - 11 = -2*t + t, -3*t + w = -a. Let o = t - -25. What is the highest common factor of o and 42?
14
Suppose -3*h - 5*k = -14, -k - 6 + 1 = 0. What is the greatest common factor of 26 and h?
13
Let q be -1 + 2 + 2 + 0/3. Let w = 41 - q. What is the greatest common factor of 304 and w?
38
Let c be (-6)/9*(-2)/((-2)/(-15)). What is the highest common factor of c and 190?
10
Let h = 548 - 443. What is the highest common divisor of 30 and h?
15
Let q = 229 - 147. Calculate the greatest common factor of q and 738.
82
Let l = -537 + 713. Calculate the highest common divisor of 99 and l.
11
Let l(d) = -3*d**3 - 2*d**2 - 4. Let f be l(-2). Let t be (f/(-3) + -1)*(-8 + 3). Calculate the highest common divisor of 225 and t.
25
Suppose 5*c - 72 = -13*c. Suppose -4*u - m = -3*m - 246, -c*u - 2*m = -266. What is the highest common factor of u and 8?
8
Let i be (0/8)/(-3*(0 - -1)). Suppose d - 25 = -u + 5, i = -3*d + 2*u + 70. Calculate the greatest common divisor of d and 13.
13
Let o = 483 + -314. Calculate the greatest common factor of o and 39.
13
Let a(c) = c**3 + c. Let n(s) = 4*s**3 + 13*s**2 - s + 5. Let d(t) = -5*a(t) + n(t). Let u be d(12). Calculate the highest common factor of u and 7.
7
Let v(x) = -6*x**3 + 2*x + 1. Let z be v(-1). Let s be (-5 - (3 - 3))/(-5). Calculate the greatest common divisor of s and z.
1
Suppose -3*g - 5 = -2*j + 12, -j + 2*g + 6 = 0. Let m be 64 - (-1 + 1 + 0). Calculate the greatest common divisor of j and m.
16
Suppose -2*p - 3*a + a = 4, 5*p - 11 = 2*a. Let x be (-5 + 4 + 96)*p. What is the greatest common divisor of 38 and x?
19
Let q = 5662 + -5653. Let k(t) = -5*t - 2. Let h be k(-4). What is the greatest common factor of q and h?
9
Let s = 397 + -202. Suppose -4650 = -9*n - s. What is the greatest common divisor of 45 and n?
45
Let r be -1*(-78 + 3)*4. What is the highest common factor of 60 and r?
60
Suppose 33*q - 30*q - 540 = 0. What is the highest common factor of q and 24?
12
Let l = -612 - -622. What is the greatest common factor of 6 and l?
2
Let j be (-16)/(-12)*(-6)/4. Let g = j + 8. Let i be 18 + 0 + -6 + 3. Calculate the greatest common factor of i and g.
3
Let z = 21 - 18. Let s = -20 + 21. What is the greatest common factor of s and z?
1
Let o(h) = 2*h**3 + 18*h**2 - 10*h - 33. Let b be o(-9). Calculate the highest common factor of 57 and b.
57
Let p be 2400/27 - -4 - 2/(-18). Calculate the greatest common divisor of p and 217.
31
Let a(s) = -s - s**2 - 2*s - 2 + 2*s**2. Let d be 24/(-10)*(-20)/8. Let f be a(d). Calculate the highest common divisor of 8 and f.
8
Let n = -4 - -7. Suppose 2*a + n*a - 25 = 0. Suppose a*i + 17 - 62 = 0. Calculate the highest common factor of 81 and i.
9
Let s(t) = -t**3 + 8*t**2 - 11*t - 6. Let u be s(7). Let m be 8/324*9 + u/(-9). Calculate the highest common divisor of 24 and m.
4
Suppose -6*k + 2*k + 260 = 4*w, 3 = -3*w. Calculate the greatest common divisor of 231 and k.
33
Suppose 4*g = -d + 127, 0*g - 3*g + 399 = 3*d. Suppose -7*i - 51 = -d. Calculate the greatest common factor of 6 and i.
6
Suppose -5*k + 32 = r, 3*r - 2 = 4. Suppose -3*v + k*v = 6. Suppose v*g + 5*i = 3, i + 12 = 4*g + 5*i. Calculate the highest common divisor of g and 36.
4
Let i = 84 + -82. Let n(s) = 10*s - 15. Let m be n(i). Calculate the greatest common divisor of m and 5.
5
Suppose 3*w - 458 + 23 = 0. Let t be 28/(-98)*-35 + 19. Calculate the greatest common divisor of w and t.
29
Suppose -12*c - 210 = -22*c. Calculate the highest common divisor of 24 and c.
3
Suppose 11*i + 18 = 13*i. Suppose -i*x + x = -832. Calculate the greatest common factor of x and 8.
8
Suppose 13 = -3*p - 29. Let g = 26 + p. Suppose -2*m - g = -6*m. Calculate the highest common divisor of m and 21.
3
Suppose -2105 = -5*k - 72*c + 67*c, 2*c + 8 = 0. Calculate the greatest common divisor of 250 and k.
25
Suppose 0 = 3*b - 3*y - 33, -2*y + 7*y = 0. Calculate the highest common factor of b and 55.
11
Suppose 5*d + 37 = 5*v - 8, 2*v + 2*d = 2. Suppose -v*b = 4*k - 0*k + 43, 3*k = -3*b - 33. Let z = -2 - k. What is the greatest common divisor of 110 and z?
10
Let t(n) = 4*n**2 + 8*n - 2. Let c be t(-7). Let a = c + -78. Calculate the highest common divisor of a and 20.
20
Let x = -15 - -37. Suppose g = 2*g + 2*p - 14, -g - 5*p = 1. Suppose -6*i + 222 = g. Calculate the greatest common factor of x and i.
11
Suppose 3*h - 3*b = -4 + 7, 7 = 3*h - 2*b. Suppose -5*m + 591 = -3*l, -477 = -h*m + m + l. Calculate the greatest common divisor of m and 24.
24
Let n(p) = -45*p + 15. Let s be n(-5). Calculate the greatest common factor of s and 180.
60
Let v(b) = b**3 - b. Let p be v(2). Let z be ((-44)/12)/((-2)/p). What is the greatest common factor of z and 44?
11
Let p be ((-240)/(-50))/(6/15). What is the highest common divisor of p and 84?
12
Let z = 1 + 23. Suppose -2*w + 0*w = -z. Suppose w = 3*a + 2*m + 1, -3*a = -3*m - 21. Calculate the greatest common factor of 10 and a.
5
Let m be -1*(-24)/(-9)*-6. Suppose -2*v - m = 4*u - 72, -u + 4*v - 4 = 0. What is the greatest common factor of u and 84?
12
Let a = -10 + 2. Let v be (a/10)/(4/(-50)). What is the greatest common divisor of v and 110?
10
Let q be 8/(-44) - ((-888)/44 + 0). Suppose 210 = -5*z + w - 3*w, -z = -w + 35. Let o be (20/8)/((-1)/z). What is the greatest common factor of o and q?
20
Let o = -164 + 314. Let z(k) = -k - 51. Let a be z(4). Let c = -40 - a. Calculate the highest common factor of c and o.
15
Let d be 10*(-2)/4 + 12. Suppose 2*a = 55 - d. What is the greatest common divisor of 192 and a?
24
Let t = 112 + -101. What is the highest common factor of t and 1?
1
Let p be 42 + (1 - 2 - 2). Let u(x) = x + 17. Let t be u(13). Let b = t - 17. What is the highest common divisor of b and p?
13
Let h be 31 + 4 + 16/4. Suppose 2 = v - 1. Suppose -1 = v*q - 40. What is the highest common factor of h and q?
13
Let n = 68 + -36. Let m = -62 - -70. Calculate the highest common divisor of n and m.
8
Let x(c) = c**2 + 12*c - 5. Let l be x(-13). Suppose 3*k - 79 = -s, 15 = -0*k - 5*k. What is the highest common factor of s and l?
8
Suppose -16*k = -26*k + 360. What is the highest common factor of k and 252?
36
Suppose 4*s = -0*s + 8. Suppose 0 = h - s*q - 11 - 12, 5*h - 5*q - 115 = 0. Suppose 4*o - 425 - h = 0. Calculate the highest common divisor of o and 14.
14
Suppose 5*s + 2*p = 89, 51 = 3*s - 0*p + 2*p. Let b = -97 + 91. Let a be (-2